{"id":42095,"date":"2025-01-21T17:05:55","date_gmt":"2025-01-21T20:05:55","guid":{"rendered":"https:\/\/webto.colegiomayor.cl\/?page_id=42095"},"modified":"2025-02-26T12:12:36","modified_gmt":"2025-02-26T15:12:36","slug":"42095-2","status":"publish","type":"page","link":"https:\/\/webto.colegiomayor.cl\/?page_id=42095","title":{"rendered":"Testimonio Ignacio Miranda Vald\u00e9s"},"content":{"rendered":"<div class=\"wpb-content-wrapper\"><p>[vc_row][vc_column][vc_custom_heading text=&#8221;Ignacio Miranda Vald\u00e9s&#8221; css=&#8221;&#8221;][\/vc_column][\/vc_row][vc_row][vc_column width=&#8221;1\/4&#8243;][vc_single_image image=&#8221;42096&#8243; img_size=&#8221;FULL&#8221; css=&#8221;&#8221;][\/vc_column][vc_column width=&#8221;3\/4&#8243;][vc_column_text css=&#8221;&#8221;]Hola, mi nombre es Ignacio Miranda Vald\u00e9s, egresado este 2024 con distinci\u00f3n a la trayectoria educativa.<\/p>\n<p>Para muchos, el \u00e9xito acad\u00e9mico parece un objetivo distante, un camino lleno de desaf\u00edos, aprendizajes y sacrificios que lleva a estos logros. Tener una mentalidad constante y perseverante es clave para superar las dificultades, siempre recuerden que la constancia es la clave al \u00e9xito.<\/p>\n<p>Gracias a todos los que me apoyaron durante mi preparaci\u00f3n, hoy puedo decir que continuar\u00e9 mis estudios en la UTFSM como ingeniero civil industrial. Ojal\u00e1 todos encuentren su camino, no fue f\u00e1cil, pero todo esfuerzo tiene su recompensa. Este es solo el comienzo de lo que ser\u00e1 un nuevo cap\u00edtulo, no solo para m\u00ed, sino que para todos.[\/vc_column_text][\/vc_column][\/vc_row]<\/p>\n<\/div>","protected":false},"excerpt":{"rendered":"<p>[vc_row][vc_column][vc_custom_heading text=&#8221;Ignacio Miranda Vald\u00e9s&#8221; css=&#8221;&#8221;][\/vc_column][\/vc_row][vc_row][vc_column width=&#8221;1\/4&#8243;][vc_single_image image=&#8221;42096&#8243; img_size=&#8221;FULL&#8221; css=&#8221;&#8221;][\/vc_column][vc_column width=&#8221;3\/4&#8243;][vc_column_text css=&#8221;&#8221;]Hola, mi nombre es Ignacio Miranda Vald\u00e9s, egresado este 2024 con distinci\u00f3n a la trayectoria educativa. Para muchos, el \u00e9xito acad\u00e9mico parece un objetivo distante, un camino lleno de desaf\u00edos, aprendizajes y sacrificios que lleva&nbsp;<a href=\"https:\/\/webto.colegiomayor.cl\/?page_id=42095\">&hellip;<\/a><\/p>\n","protected":false},"author":1,"featured_media":0,"parent":0,"menu_order":0,"comment_status":"closed","ping_status":"closed","template":"","meta":{"content-type":"","footnotes":""},"class_list":["post-42095","page","type-page","status-publish","hentry","odd"],"rttpg_featured_image_url":null,"rttpg_author":{"display_name":"josefariesco@gmail.com","author_link":"https:\/\/webto.colegiomayor.cl\/?author=1"},"rttpg_comment":0,"rttpg_category":null,"rttpg_excerpt":"[vc_row][vc_column][vc_custom_heading text=&#8221;Ignacio Miranda Vald\u00e9s&#8221; css=&#8221;&#8221;][\/vc_column][\/vc_row][vc_row][vc_column width=&#8221;1\/4&#8243;][vc_single_image image=&#8221;42096&#8243; img_size=&#8221;FULL&#8221; css=&#8221;&#8221;][\/vc_column][vc_column width=&#8221;3\/4&#8243;][vc_column_text css=&#8221;&#8221;]Hola, mi nombre es Ignacio Miranda Vald\u00e9s, egresado este 2024 con distinci\u00f3n a la trayectoria educativa. Para muchos, el \u00e9xito acad\u00e9mico parece un objetivo distante, un camino lleno de desaf\u00edos, aprendizajes y sacrificios que lleva&nbsp;&hellip;","_links":{"self":[{"href":"https:\/\/webto.colegiomayor.cl\/index.php?rest_route=\/wp\/v2\/pages\/42095","targetHints":{"allow":["GET"]}}],"collection":[{"href":"https:\/\/webto.colegiomayor.cl\/index.php?rest_route=\/wp\/v2\/pages"}],"about":[{"href":"https:\/\/webto.colegiomayor.cl\/index.php?rest_route=\/wp\/v2\/types\/page"}],"author":[{"embeddable":true,"href":"https:\/\/webto.colegiomayor.cl\/index.php?rest_route=\/wp\/v2\/users\/1"}],"replies":[{"embeddable":true,"href":"https:\/\/webto.colegiomayor.cl\/index.php?rest_route=%2Fwp%2Fv2%2Fcomments&post=42095"}],"version-history":[{"count":5,"href":"https:\/\/webto.colegiomayor.cl\/index.php?rest_route=\/wp\/v2\/pages\/42095\/revisions"}],"predecessor-version":[{"id":42297,"href":"https:\/\/webto.colegiomayor.cl\/index.php?rest_route=\/wp\/v2\/pages\/42095\/revisions\/42297"}],"wp:attachment":[{"href":"https:\/\/webto.colegiomayor.cl\/index.php?rest_route=%2Fwp%2Fv2%2Fmedia&parent=42095"}],"curies":[{"name":"wp","href":"https:\/\/api.w.org\/{rel}","templated":true}]}}